{"id":156,"date":"2023-05-17T17:37:44","date_gmt":"2023-05-17T15:37:44","guid":{"rendered":"http:\/\/master.us.es\/maio4you\/?page_id=156"},"modified":"2023-05-17T17:39:28","modified_gmt":"2023-05-17T15:39:28","slug":"data-protection","status":"publish","type":"page","link":"https:\/\/master.us.es\/maio4you\/data-protection\/","title":{"rendered":"Data Protection"},"content":{"rendered":"\n<p>El nuevo Reglamento (UE)2016\/679 del parlamento Europeo y del Consejo, relativo a la protecci\u00f3n de las personas f\u00edsicas en lo que respecta al tratamiento de datos personales y a la libre circulaci\u00f3n de estos datos (RGPD)&nbsp; entr\u00f3 en vigor en mayo de 2016 . El&nbsp;art\u00edculo&nbsp;37.1.a) de la citada normativa establece que cuando el <strong>tratamiento de datos personales<\/strong> sea llevado a cabo por una autoridad u <strong>organismo p\u00fablico<\/strong>, como es el caso de la Universidad de Sevilla, el responsable del tratamiento deber\u00e1 designar un <strong>Delegado de Protecci\u00f3n de Datos.<\/strong><\/p>\n\n\n\n<p>De este modo y en cumplimiento de dicho art\u00edculo, la US cre\u00f3 la figura Delegado&nbsp;de Protecci\u00f3n&nbsp;&nbsp;de Datos, encargado en supervisar y ayudar al responsable en todo lo concerniente al cumplimiento del RGPD, mediante labores de informaci\u00f3n,&nbsp;asesoramiento y cooperaci\u00f3n con la autoridad de control.&nbsp;<\/p>\n\n\n\n<p>La Universidad de Sevilla, como responsable de los tratamientos de datos personales que en ella se realizan, est\u00e1 comprometida con la protecci\u00f3n de los datos personales incluidos en sus distintos tratamientos, como manifestaci\u00f3n de la protecci\u00f3n del derecho fundamental a la autodeterminaci\u00f3n informativa de los interesados.<\/p>\n\n\n\n<p><strong>Informaci\u00f3n sobre el&nbsp;tratamiento de datos personales en comunicaci\u00f3n institucional<\/strong><\/p>\n\n\n\n<p>En aplicaci\u00f3n del principio de transparencia y lealtad regulado en el Reglamento General de Protecci\u00f3n de datos RGPD UE 2016\/679 se le informa que la Universidad de Sevilla es responsable del presente tratamiento, <strong>\u201cComunicaci\u00f3n Institucional\u201d<\/strong> que tiene como finalidad Comunicaci\u00f3n institucional interna y externa, para la promoci\u00f3n y divulgaci\u00f3n de la realidad acad\u00e9mica e investigadora de la US. El tratamiento se realiza para el cumplimiento de una misi\u00f3n realizada en inter\u00e9s p\u00fablico o en el ejercicio de poderes p\u00fablicos conferidos al responsable del tratamiento, y en su caso se basar\u00e1 en el consentimiento del interesado. Tiene derecho a acceder, rectificar y suprimir sus datos personales, as\u00ed como a otros derechos que puede consultar, junto a una informaci\u00f3n adicional m\u00e1s detallada, en el <a href=\"https:\/\/sic.us.es\/sites\/default\/files\/pd\/clausuladeinformaciondefcomunicaciondef.pdf\" target=\"_blank\" rel=\"noreferrer noopener\">siguiente&nbsp;enlace<\/a>.<\/p>\n\n\n\n<p class=\"has-text-align-center\"><a href=\"https:\/\/sic.us.es\/proteccion-de-datos-personales\" target=\"_blank\" rel=\"noreferrer noopener\">Ir al Pol\u00edtica&nbsp;de Protecci\u00f3n de datos<\/a><\/p>\n","protected":false},"excerpt":{"rendered":"<p>El nuevo Reglamento (UE)2016\/679 del parlamento Europeo y del Consejo, relativo a la protecci\u00f3n de las personas f\u00edsicas en lo que respecta al tratamiento de datos personales y a la libre circulaci\u00f3n de estos datos (RGPD)&nbsp; entr\u00f3 en vigor en mayo de 2016 . El&nbsp;art\u00edculo&nbsp;37.1.a) de la citada normativa establece que cuando el tratamiento de [&hellip;]<\/p>\n","protected":false},"author":1,"featured_media":0,"parent":0,"menu_order":103,"comment_status":"closed","ping_status":"closed","template":"","meta":{"footnotes":""},"class_list":["post-156","page","type-page","status-publish","hentry"],"_links":{"self":[{"href":"https:\/\/master.us.es\/maio4you\/wp-json\/wp\/v2\/pages\/156","targetHints":{"allow":["GET"]}}],"collection":[{"href":"https:\/\/master.us.es\/maio4you\/wp-json\/wp\/v2\/pages"}],"about":[{"href":"https:\/\/master.us.es\/maio4you\/wp-json\/wp\/v2\/types\/page"}],"author":[{"embeddable":true,"href":"https:\/\/master.us.es\/maio4you\/wp-json\/wp\/v2\/users\/1"}],"replies":[{"embeddable":true,"href":"https:\/\/master.us.es\/maio4you\/wp-json\/wp\/v2\/comments?post=156"}],"version-history":[{"count":2,"href":"https:\/\/master.us.es\/maio4you\/wp-json\/wp\/v2\/pages\/156\/revisions"}],"predecessor-version":[{"id":159,"href":"https:\/\/master.us.es\/maio4you\/wp-json\/wp\/v2\/pages\/156\/revisions\/159"}],"wp:attachment":[{"href":"https:\/\/master.us.es\/maio4you\/wp-json\/wp\/v2\/media?parent=156"}],"curies":[{"name":"wp","href":"https:\/\/api.w.org\/{rel}","templated":true}]}}