{"id":6125,"date":"2021-06-26T16:41:45","date_gmt":"2021-06-26T16:41:45","guid":{"rendered":"http:\/\/master.us.es\/masteracctic\/?page_id=6125"},"modified":"2022-03-29T22:44:44","modified_gmt":"2022-03-29T22:44:44","slug":"diseno-e-impresion-3d-di3d","status":"publish","type":"page","link":"https:\/\/master.us.es\/masteracctic\/titulo-steam\/diseno-e-impresion-3d-di3d\/","title":{"rendered":"6-Dise\u00f1o e Impresi\u00f3n 3D (DI3D)"},"content":{"rendered":"\n<h5><a href=\"..\/titulo-steam\/\"><img decoding=\"async\" loading=\"lazy\" src=\"http:\/\/master.us.es\/masteracctic\/wp-content\/uploads\/2021\/06\/icon_rewind.png\" alt=\"home\" width=\"31\" height=\"31\"><\/a>\n&nbsp;&nbsp;<a href=\"..\/inteligencia-artificial-ia\/\"><img decoding=\"async\" loading=\"lazy\" src=\"http:\/\/master.us.es\/masteracctic\/wp-content\/uploads\/2021\/07\/noun_back button_3648088-e1625393285664.png\" alt=\"back\" width=\"31\" height=\"31\"><\/a>&nbsp;&nbsp;&nbsp;Asignatura: Dise\u00f1o e Impresi\u00f3n 3D (DI3D)&nbsp;<a href=\"..\/programacion-de-interfaces-fisicas-pif\/\"><img decoding=\"async\" loading=\"lazy\" src=\"http:\/\/master.us.es\/masteracctic\/wp-content\/uploads\/2021\/07\/noun_next button_3648090-e1625393306812.png\" alt=\"forward\" width=\"31\" height=\"31\"><\/a><\/h5>\n\n\n\n<p style=\"text-align: center;\"><iframe loading=\"lazy\" src=\"https:\/\/cdnapisec.kaltura.com\/p\/2347021\/sp\/234702100\/embedIframeJs\/uiconf_id\/43617741\/partner_id\/2347021?iframeembed=true&amp;playerId=kplayer&amp;entry_id=1_hk5jsz3q&amp;flashvars[streamerType]=auto\" width=\"100%\" height=\"395\" frameborder=\"0\" allowfullscreen=\"allowfullscreen\"><\/iframe><\/p>\n<table style=\"border-collapse: collapse; width: 100%; height: 1331px;\" border=\"0\">\n<tbody>\n<tr style=\"height: 100%;\">\n<td style=\"width: 100%; vertical-align: top; height: 340px;\">\n<table style=\"width: 100%; border-collapse: collapse; border-style: none; margin-left: auto; margin-right: auto;\">\n<tbody>\n<tr style=\"height: 193px;\">\n<td style=\"width: 100%; height: 193px;\">&nbsp;\n<p style=\"text-align: center;\"><strong>Profesoras: <\/strong>Ana Bel\u00e9n Gonz\u00e1lez G\u00e1lvez y Roc\u00edo Garc\u00eda Robles.<\/p>\n<p style=\"text-align: center;\"><strong>N\u00famero de cr\u00e9ditos: <\/strong>2,00 ECTS<\/p>\n<p style=\"text-align: center;\"><strong>Modalidad de impartici\u00f3n: <\/strong>100% online<\/p>\n<p style=\"text-align: center;\"><strong>Fechas: <\/strong>Meses de diciembre y enero<\/p>\n<\/td>\n<\/tr>\n<\/tbody>\n<\/table>\n<hr>\n<p><strong>Contenido: <\/strong><\/p>\n<p>1 &#8211; Dise\u00f1o 3D<br>1.1 Ni\u00f1os y adolescentes: Del boceto al dise\u00f1o de objetos digitales. Enfoques art\u00edstico y t\u00e9cnico en el proceso de dise\u00f1o.<br>1.2 Uso de aplicaciones sencillas para creaci\u00f3n de un modelo 3D.<br>1.3 Librer\u00eda de objetos: Thingiverse.<br>1.4 Personalizar un modelo 3D.<br>1.5 Crear un modelo 3D sencillo.<br>1.6 Est\u00e9tica y procesos en el dise\u00f1o 3D.<\/p>\n<p>2 &#8211; Impresi\u00f3n 3D.<br>2.1 Concepto y tecnolog\u00edas.<br>2.2 Impresoras 3D para el aula, posibilidades y mantenimiento.<br>2.3.Filamento: Tipos, propiedades y aplicaciones.<br>2.4 Software de Laminado.<\/p>\n<p>3 &#8211; Dise\u00f1o e Impresi\u00f3n 3D en el Aula.<br>3.1 Ventajas y aplicaci\u00f3n<br>3.2 Comunidades de creaci\u00f3n<br>3.3 Proyectos de aplicaci\u00f3n<\/p>\n<\/td>\n<\/tr>\n<tr style=\"height: 582px;\">\n<td style=\"width: 100%; vertical-align: top;\">\n<p>TUTOR\u00cdAS Y PR\u00c1CTICA DE EVALUACI\u00d3N CONTINUA DE LA ASIGNATURA: Tutor\u00edas online, a petici\u00f3n del alumno, con el fin de resolver dudas y completar el ejercicio final de la asignatura. <br><br>MODALIDAD: 100% online, con clases sincr\u00f3nicas dos viernes en horario de tarde (semanas 10 y 12).<br><br><\/p>\n<\/td>\n<\/tr>\n<\/tbody>\n<\/table>\n<p>&nbsp;<\/p>\n<p><br><br><br><br><\/p>\n","protected":false},"excerpt":{"rendered":"<p>Asignatura Enfoques did\u00e1cticos, Aprendizaje Servicio y Emprendimiento Social (DASES)<\/p>\n","protected":false},"author":1,"featured_media":6045,"parent":5626,"menu_order":0,"comment_status":"closed","ping_status":"closed","template":"","meta":{"_uag_custom_page_level_css":""},"folder":[3],"blocksy_meta":{"styles_descriptor":{"styles":{"desktop":"","tablet":"","mobile":""},"google_fonts":[],"version":4}},"uagb_featured_image_src":{"full":["https:\/\/master.us.es\/masteracctic\/wp-content\/uploads\/2021\/06\/STEAM_DI3D_AnaGonzalez_RocioGarcia.png",1919,1085,false],"thumbnail":["https:\/\/master.us.es\/masteracctic\/wp-content\/uploads\/2021\/06\/STEAM_DI3D_AnaGonzalez_RocioGarcia-150x150.png",150,150,true],"medium":["https:\/\/master.us.es\/masteracctic\/wp-content\/uploads\/2021\/06\/STEAM_DI3D_AnaGonzalez_RocioGarcia-300x170.png",300,170,true],"medium_large":["https:\/\/master.us.es\/masteracctic\/wp-content\/uploads\/2021\/06\/STEAM_DI3D_AnaGonzalez_RocioGarcia-768x434.png",768,434,true],"large":["https:\/\/master.us.es\/masteracctic\/wp-content\/uploads\/2021\/06\/STEAM_DI3D_AnaGonzalez_RocioGarcia-1024x579.png",1024,579,true],"1536x1536":["https:\/\/master.us.es\/masteracctic\/wp-content\/uploads\/2021\/06\/STEAM_DI3D_AnaGonzalez_RocioGarcia-1536x868.png",1536,868,true],"2048x2048":["https:\/\/master.us.es\/masteracctic\/wp-content\/uploads\/2021\/06\/STEAM_DI3D_AnaGonzalez_RocioGarcia.png",1919,1085,false]},"uagb_author_info":{"display_name":"fewibef","author_link":"https:\/\/master.us.es\/masteracctic\/author\/fewibef\/"},"uagb_comment_info":0,"uagb_excerpt":"Asignatura Enfoques did\u00e1cticos, Aprendizaje Servicio y Emprendimiento Social (DASES)","_links":{"self":[{"href":"https:\/\/master.us.es\/masteracctic\/wp-json\/wp\/v2\/pages\/6125"}],"collection":[{"href":"https:\/\/master.us.es\/masteracctic\/wp-json\/wp\/v2\/pages"}],"about":[{"href":"https:\/\/master.us.es\/masteracctic\/wp-json\/wp\/v2\/types\/page"}],"author":[{"embeddable":true,"href":"https:\/\/master.us.es\/masteracctic\/wp-json\/wp\/v2\/users\/1"}],"replies":[{"embeddable":true,"href":"https:\/\/master.us.es\/masteracctic\/wp-json\/wp\/v2\/comments?post=6125"}],"version-history":[{"count":6,"href":"https:\/\/master.us.es\/masteracctic\/wp-json\/wp\/v2\/pages\/6125\/revisions"}],"predecessor-version":[{"id":6573,"href":"https:\/\/master.us.es\/masteracctic\/wp-json\/wp\/v2\/pages\/6125\/revisions\/6573"}],"up":[{"embeddable":true,"href":"https:\/\/master.us.es\/masteracctic\/wp-json\/wp\/v2\/pages\/5626"}],"wp:featuredmedia":[{"embeddable":true,"href":"https:\/\/master.us.es\/masteracctic\/wp-json\/wp\/v2\/media\/6045"}],"wp:attachment":[{"href":"https:\/\/master.us.es\/masteracctic\/wp-json\/wp\/v2\/media?parent=6125"}],"wp:term":[{"taxonomy":"folder","embeddable":true,"href":"https:\/\/master.us.es\/masteracctic\/wp-json\/wp\/v2\/folder?post=6125"}],"curies":[{"name":"wp","href":"https:\/\/api.w.org\/{rel}","templated":true}]}}