{"id":6134,"date":"2021-06-26T17:50:32","date_gmt":"2021-06-26T17:50:32","guid":{"rendered":"http:\/\/master.us.es\/masteracctic\/?page_id=6134"},"modified":"2022-03-29T22:39:27","modified_gmt":"2022-03-29T22:39:27","slug":"iot-y-smartcities-en-el-aula-iot","status":"publish","type":"page","link":"https:\/\/master.us.es\/masteracctic\/titulo-steam\/iot-y-smartcities-en-el-aula-iot\/","title":{"rendered":"10-IoT y Smartcities en el aula (IOT)"},"content":{"rendered":"\n<h5><a href=\"..\/titulo-steam\/\"><img decoding=\"async\" loading=\"lazy\" src=\"http:\/\/master.us.es\/masteracctic\/wp-content\/uploads\/2021\/06\/icon_rewind.png\" alt=\"home\" width=\"31\" height=\"31\"><\/a>\n&nbsp;&nbsp;<a href=\"..\/robotica-en-el-aula-ra\/\"><img decoding=\"async\" loading=\"lazy\" src=\"http:\/\/master.us.es\/masteracctic\/wp-content\/uploads\/2021\/07\/noun_back button_3648088-e1625393285664.png\" alt=\"back\" width=\"31\" height=\"31\"><\/a>&nbsp;&nbsp;&nbsp;Asignatura: IoT y Smartcities en el aula (IOT)<\/h5>\n\n\n\n<p style=\"text-align: center;\"><iframe loading=\"lazy\" src=\"https:\/\/cdnapisec.kaltura.com\/p\/2347021\/sp\/234702100\/embedIframeJs\/uiconf_id\/43617741\/partner_id\/2347021?iframeembed=true&amp;playerId=kplayer&amp;entry_id=1_r611l0af&amp;flashvars[streamerType]=auto\" width=\"100%\" height=\"395\" frameborder=\"0\" allowfullscreen=\"allowfullscreen\"><\/iframe><\/p>\n<table style=\"border-collapse: collapse; width: 100%; height: 1331px;\" border=\"0\">\n<tbody>\n<tr style=\"height: 100%;\">\n<td style=\"width: 100%; vertical-align: top; height: 340px;\">\n<table style=\"width: 100%; border-collapse: collapse; border-style: none; margin-left: auto; margin-right: auto; height: 193px;\">\n<tbody>\n<tr style=\"height: 193px;\">\n<td style=\"width: 100%; height: 193px;\">&nbsp;\n<p style=\"text-align: center;\"><strong>Profesor: <\/strong>Dr. Daniel Cagigas Mu\u00f1\u00edz.<\/p>\n<p style=\"text-align: center;\"><strong>N\u00famero de cr\u00e9ditos: <\/strong>2,00&nbsp;ECTS<\/p>\n<p style=\"text-align: center;\"><strong>Modalidad de impartici\u00f3n: <\/strong>100% online<\/p>\n<p style=\"text-align: center;\"><strong>Fechas: <\/strong>Mes de abril<\/p>\n<\/td>\n<\/tr>\n<\/tbody>\n<\/table>\n<hr>\n<p><strong>Contenido: <\/strong><\/p>\n<p>1 &#8211; Introducci\u00f3n<br>1.1 Internet de las Cosas (IoT)<br>1.2 Ciudades inteligentes (Smart Cities)<br>1.3 Ejemplos de aplicaciones: todo un mundo de posibilidades<br>1.4 Plataformas para IoT y Smart Cities: requisitos b\u00e1sicos y opciones disponibles<\/p>\n<p>2 &#8211; Raspberry Pi como plataforma para IoT<br>2.1 Componentes, caracter\u00edsticas, modelos y puesta en marcha<br>2.2 Sistema operativo Raspbian: escritorio gr\u00e1fico y forma de trabajo<br>2.3 Emulaci\u00f3n de una Raspebrry Pi en un PC: trabajo sin hardware real<br>2.4 Conexi\u00f3n de sensores, motores y otros dispositivos f\u00edsicos a Raspberry Pi<br>2.5 Lenguaje de programaci\u00f3n Phython: sencillez y potencia<br>2.6 Principios b\u00e1sicos sobre Internet, tecnolog\u00eda web y redes: c\u00f3mo se realiza la comunicaci\u00f3n a distancia entre dispositivos<br>2.7 Acceso y gesti\u00f3n de los datos con Raspberry Pi: interfaces, comunicaci\u00f3n y control a distancia<\/p>\n<p>3 &#8211; Dise\u00f1o y construcci\u00f3n de un caso pr\u00e1ctico final de ejemplo.<br>3.1 Conexi\u00f3n f\u00edsica de sensores y actuadores<br>3.2 Gesti\u00f3n de la informaci\u00f3n: interfaz f\u00edsica e interfaz remota<\/p>\n<\/td>\n<\/tr>\n<tr style=\"height: 582px;\">\n<td style=\"width: 100%; vertical-align: top;\">\n<p>TUTOR\u00cdAS Y PR\u00c1CTICA DE EVALUACI\u00d3N CONTINUA DE LA ASIGNATURA: Tutor\u00edas online, a petici\u00f3n del alumno, con el fin de resolver dudas y completar el ejercicio final de la asignatura. <br><br>MODALIDAD: 100% online, con clases sincr\u00f3nicas dos viernes por la tarde en semanas alternas (semanas 24 y 26).<br><br><\/p>\n<\/td>\n<\/tr>\n<\/tbody>\n<\/table>\n<p>&nbsp;<\/p>\n<p><br><br><br><br><\/p>\n","protected":false},"excerpt":{"rendered":"<p>Asignatura Enfoques did\u00e1cticos, Aprendizaje Servicio y Emprendimiento Social (DASES)<\/p>\n","protected":false},"author":1,"featured_media":6053,"parent":5626,"menu_order":0,"comment_status":"closed","ping_status":"closed","template":"","meta":{"_uag_custom_page_level_css":""},"folder":[3],"blocksy_meta":{"styles_descriptor":{"styles":{"desktop":"","tablet":"","mobile":""},"google_fonts":[],"version":4}},"uagb_featured_image_src":{"full":["https:\/\/master.us.es\/masteracctic\/wp-content\/uploads\/2021\/06\/STEAM_IoT_DanielCagigas.png",1920,1084,false],"thumbnail":["https:\/\/master.us.es\/masteracctic\/wp-content\/uploads\/2021\/06\/STEAM_IoT_DanielCagigas-150x150.png",150,150,true],"medium":["https:\/\/master.us.es\/masteracctic\/wp-content\/uploads\/2021\/06\/STEAM_IoT_DanielCagigas-300x169.png",300,169,true],"medium_large":["https:\/\/master.us.es\/masteracctic\/wp-content\/uploads\/2021\/06\/STEAM_IoT_DanielCagigas-768x434.png",768,434,true],"large":["https:\/\/master.us.es\/masteracctic\/wp-content\/uploads\/2021\/06\/STEAM_IoT_DanielCagigas-1024x578.png",1024,578,true],"1536x1536":["https:\/\/master.us.es\/masteracctic\/wp-content\/uploads\/2021\/06\/STEAM_IoT_DanielCagigas-1536x867.png",1536,867,true],"2048x2048":["https:\/\/master.us.es\/masteracctic\/wp-content\/uploads\/2021\/06\/STEAM_IoT_DanielCagigas.png",1920,1084,false]},"uagb_author_info":{"display_name":"fewibef","author_link":"https:\/\/master.us.es\/masteracctic\/author\/fewibef\/"},"uagb_comment_info":0,"uagb_excerpt":"Asignatura Enfoques did\u00e1cticos, Aprendizaje Servicio y Emprendimiento Social (DASES)","_links":{"self":[{"href":"https:\/\/master.us.es\/masteracctic\/wp-json\/wp\/v2\/pages\/6134"}],"collection":[{"href":"https:\/\/master.us.es\/masteracctic\/wp-json\/wp\/v2\/pages"}],"about":[{"href":"https:\/\/master.us.es\/masteracctic\/wp-json\/wp\/v2\/types\/page"}],"author":[{"embeddable":true,"href":"https:\/\/master.us.es\/masteracctic\/wp-json\/wp\/v2\/users\/1"}],"replies":[{"embeddable":true,"href":"https:\/\/master.us.es\/masteracctic\/wp-json\/wp\/v2\/comments?post=6134"}],"version-history":[{"count":6,"href":"https:\/\/master.us.es\/masteracctic\/wp-json\/wp\/v2\/pages\/6134\/revisions"}],"predecessor-version":[{"id":6567,"href":"https:\/\/master.us.es\/masteracctic\/wp-json\/wp\/v2\/pages\/6134\/revisions\/6567"}],"up":[{"embeddable":true,"href":"https:\/\/master.us.es\/masteracctic\/wp-json\/wp\/v2\/pages\/5626"}],"wp:featuredmedia":[{"embeddable":true,"href":"https:\/\/master.us.es\/masteracctic\/wp-json\/wp\/v2\/media\/6053"}],"wp:attachment":[{"href":"https:\/\/master.us.es\/masteracctic\/wp-json\/wp\/v2\/media?parent=6134"}],"wp:term":[{"taxonomy":"folder","embeddable":true,"href":"https:\/\/master.us.es\/masteracctic\/wp-json\/wp\/v2\/folder?post=6134"}],"curies":[{"name":"wp","href":"https:\/\/api.w.org\/{rel}","templated":true}]}}