{"id":1841,"date":"2022-05-29T16:50:37","date_gmt":"2022-05-29T16:50:37","guid":{"rendered":"https:\/\/master.us.es\/mimf\/?page_id=1841"},"modified":"2022-10-04T07:37:32","modified_gmt":"2022-10-04T07:37:32","slug":"universidad-de-sevilla","status":"publish","type":"page","link":"https:\/\/master.us.es\/mimf\/universidad-de-sevilla\/","title":{"rendered":"Universidad de Sevilla"},"content":{"rendered":"<ul>\n<li><a href=\"http:\/\/bib.us.es\/\" target=\"_blank\" rel=\"noopener\">Biblioteca<\/a><\/li>\n<li><a href=\"http:\/\/departamento.us.es\/psieved\/\" target=\"_blank\" rel=\"noopener\">Departamento de Psicolog\u00eda Evolutiva y de la Educaci\u00f3n<\/a><\/li>\n<li><a href=\"https:\/\/psicologia.us.es\/\">Facultad de Psicolog\u00eda<\/a><\/li>\n<li><a href=\"http:\/\/www.us.es\/internacional\" target=\"_blank\" rel=\"noopener\">Relaciones Internacionales<\/a><\/li>\n<li><a href=\"http:\/\/investigacion.us.es\/\">Vicerrectorado de Investigaci\u00f3n<\/a><\/li>\n<li><a href=\"https:\/\/doctorado.us.es\/\">Escuela Internacional de Doctorado<\/a><\/li>\n<\/ul>\n","protected":false},"excerpt":{"rendered":"<p>Biblioteca Departamento de Psicolog\u00eda Evolutiva y de la Educaci\u00f3n Facultad de Psicolog\u00eda Relaciones Internacionales Vicerrectorado de Investigaci\u00f3n Escuela Internacional de<\/p>\n","protected":false},"author":3,"featured_media":0,"parent":0,"menu_order":0,"comment_status":"closed","ping_status":"closed","template":"","meta":{"colormag_page_layout":"default_layout","footnotes":""},"class_list":["post-1841","page","type-page","status-publish","hentry"],"_links":{"self":[{"href":"https:\/\/master.us.es\/mimf\/wp-json\/wp\/v2\/pages\/1841","targetHints":{"allow":["GET"]}}],"collection":[{"href":"https:\/\/master.us.es\/mimf\/wp-json\/wp\/v2\/pages"}],"about":[{"href":"https:\/\/master.us.es\/mimf\/wp-json\/wp\/v2\/types\/page"}],"author":[{"embeddable":true,"href":"https:\/\/master.us.es\/mimf\/wp-json\/wp\/v2\/users\/3"}],"replies":[{"embeddable":true,"href":"https:\/\/master.us.es\/mimf\/wp-json\/wp\/v2\/comments?post=1841"}],"version-history":[{"count":0,"href":"https:\/\/master.us.es\/mimf\/wp-json\/wp\/v2\/pages\/1841\/revisions"}],"wp:attachment":[{"href":"https:\/\/master.us.es\/mimf\/wp-json\/wp\/v2\/media?parent=1841"}],"curies":[{"name":"wp","href":"https:\/\/api.w.org\/{rel}","templated":true}]}}