{"id":26,"date":"2023-06-27T09:48:49","date_gmt":"2023-06-27T07:48:49","guid":{"rendered":"https:\/\/master.us.es\/mumiaus\/?page_id=26"},"modified":"2025-08-01T09:54:18","modified_gmt":"2025-08-01T07:54:18","slug":"home","status":"publish","type":"page","link":"https:\/\/master.us.es\/mumiaus\/","title":{"rendered":"Home"},"content":{"rendered":"\t\t<div data-elementor-type=\"wp-page\" data-elementor-id=\"26\" class=\"elementor elementor-26\">\n\t\t\t\t\t\t<section class=\"elementor-section elementor-top-section elementor-element elementor-element-575e872 elementor-section-height-min-height elementor-section-boxed elementor-section-height-default elementor-section-items-middle\" data-id=\"575e872\" data-element_type=\"section\" data-settings=\"{&quot;background_background&quot;:&quot;classic&quot;}\">\n\t\t\t\t\t\t\t<div class=\"elementor-background-overlay\"><\/div>\n\t\t\t\t\t\t\t<div class=\"elementor-container elementor-column-gap-default\">\n\t\t\t\t\t<div class=\"elementor-column elementor-col-50 elementor-top-column elementor-element elementor-element-7b2f674\" data-id=\"7b2f674\" data-element_type=\"column\">\n\t\t\t<div class=\"elementor-widget-wrap elementor-element-populated\">\n\t\t\t\t\t\t<div class=\"elementor-element elementor-element-795c7b7 elementor-widget elementor-widget-heading\" data-id=\"795c7b7\" data-element_type=\"widget\" data-widget_type=\"heading.default\">\n\t\t\t\t<div class=\"elementor-widget-container\">\n\t\t\t<style>\/*! elementor - v3.19.0 - 28-02-2024 *\/\n.elementor-heading-title{padding:0;margin:0;line-height:1}.elementor-widget-heading .elementor-heading-title[class*=elementor-size-]>a{color:inherit;font-size:inherit;line-height:inherit}.elementor-widget-heading .elementor-heading-title.elementor-size-small{font-size:15px}.elementor-widget-heading .elementor-heading-title.elementor-size-medium{font-size:19px}.elementor-widget-heading .elementor-heading-title.elementor-size-large{font-size:29px}.elementor-widget-heading .elementor-heading-title.elementor-size-xl{font-size:39px}.elementor-widget-heading .elementor-heading-title.elementor-size-xxl{font-size:59px}<\/style><h1 class=\"elementor-heading-title elementor-size-default\">M\u00e1ster Universitario en Marketing e Investigaci\u00f3n Aplicada<\/h1>\t\t<\/div>\n\t\t\t\t<\/div>\n\t\t\t\t<section class=\"elementor-section elementor-inner-section elementor-element elementor-element-25c0c6d elementor-section-boxed elementor-section-height-default elementor-section-height-default\" data-id=\"25c0c6d\" data-element_type=\"section\">\n\t\t\t\t\t\t<div class=\"elementor-container elementor-column-gap-default\">\n\t\t\t\t\t<div class=\"elementor-column elementor-col-50 elementor-inner-column elementor-element elementor-element-6c9bc99\" data-id=\"6c9bc99\" data-element_type=\"column\">\n\t\t\t<div class=\"elementor-widget-wrap elementor-element-populated\">\n\t\t\t\t\t\t<div class=\"elementor-element elementor-element-2cd2408 elementor-widget elementor-widget-image\" data-id=\"2cd2408\" data-element_type=\"widget\" data-widget_type=\"image.default\">\n\t\t\t\t<div class=\"elementor-widget-container\">\n\t\t\t<style>\/*! elementor - v3.19.0 - 28-02-2024 *\/\n.elementor-widget-image{text-align:center}.elementor-widget-image a{display:inline-block}.elementor-widget-image a img[src$=\".svg\"]{width:48px}.elementor-widget-image img{vertical-align:middle;display:inline-block}<\/style>\t\t\t\t\t\t\t\t\t\t<img fetchpriority=\"high\" decoding=\"async\" width=\"1699\" height=\"734\" src=\"https:\/\/master.us.es\/mumiaus\/wp-content\/uploads\/2023\/06\/cropped-Logo-MUMIA_Us.png\" class=\"attachment-full size-full wp-image-62\" alt=\"Logo MUMIA\" srcset=\"https:\/\/master.us.es\/mumiaus\/wp-content\/uploads\/2023\/06\/cropped-Logo-MUMIA_Us.png 1699w, https:\/\/master.us.es\/mumiaus\/wp-content\/uploads\/2023\/06\/cropped-Logo-MUMIA_Us-300x130.png 300w, https:\/\/master.us.es\/mumiaus\/wp-content\/uploads\/2023\/06\/cropped-Logo-MUMIA_Us-1024x442.png 1024w, https:\/\/master.us.es\/mumiaus\/wp-content\/uploads\/2023\/06\/cropped-Logo-MUMIA_Us-768x332.png 768w, https:\/\/master.us.es\/mumiaus\/wp-content\/uploads\/2023\/06\/cropped-Logo-MUMIA_Us-1536x664.png 1536w\" sizes=\"(max-width: 1699px) 100vw, 1699px\" \/>\t\t\t\t\t\t\t\t\t\t\t\t\t<\/div>\n\t\t\t\t<\/div>\n\t\t\t\t\t<\/div>\n\t\t<\/div>\n\t\t\t\t<div class=\"elementor-column elementor-col-50 elementor-inner-column elementor-element elementor-element-ce496f8\" data-id=\"ce496f8\" data-element_type=\"column\">\n\t\t\t<div class=\"elementor-widget-wrap elementor-element-populated\">\n\t\t\t\t\t\t<div class=\"elementor-element elementor-element-a729a5c elementor-widget__width-initial elementor-widget elementor-widget-image\" data-id=\"a729a5c\" data-element_type=\"widget\" data-widget_type=\"image.default\">\n\t\t\t\t<div class=\"elementor-widget-container\">\n\t\t\t\t\t\t\t\t\t\t\t\t\t<img decoding=\"async\" width=\"240\" height=\"300\" src=\"https:\/\/master.us.es\/mumiaus\/wp-content\/uploads\/2024\/10\/LOGO_FCEYE_sintexto-240x300.png\" class=\"attachment-medium size-medium wp-image-1186\" alt=\"\" srcset=\"https:\/\/master.us.es\/mumiaus\/wp-content\/uploads\/2024\/10\/LOGO_FCEYE_sintexto-240x300.png 240w, https:\/\/master.us.es\/mumiaus\/wp-content\/uploads\/2024\/10\/LOGO_FCEYE_sintexto-820x1024.png 820w, https:\/\/master.us.es\/mumiaus\/wp-content\/uploads\/2024\/10\/LOGO_FCEYE_sintexto-768x958.png 768w, https:\/\/master.us.es\/mumiaus\/wp-content\/uploads\/2024\/10\/LOGO_FCEYE_sintexto-1231x1536.png 1231w, https:\/\/master.us.es\/mumiaus\/wp-content\/uploads\/2024\/10\/LOGO_FCEYE_sintexto-1641x2048.png 1641w\" sizes=\"(max-width: 240px) 100vw, 240px\" \/>\t\t\t\t\t\t\t\t\t\t\t\t\t<\/div>\n\t\t\t\t<\/div>\n\t\t\t\t\t<\/div>\n\t\t<\/div>\n\t\t\t\t\t<\/div>\n\t\t<\/section>\n\t\t\t\t<section class=\"elementor-section elementor-inner-section elementor-element elementor-element-83ac5a3 elementor-section-boxed elementor-section-height-default elementor-section-height-default\" data-id=\"83ac5a3\" data-element_type=\"section\">\n\t\t\t\t\t\t<div class=\"elementor-container elementor-column-gap-default\">\n\t\t\t\t\t<div class=\"elementor-column elementor-col-50 elementor-inner-column elementor-element elementor-element-47c92da\" data-id=\"47c92da\" data-element_type=\"column\">\n\t\t\t<div class=\"elementor-widget-wrap elementor-element-populated\">\n\t\t\t\t\t\t<div class=\"elementor-element elementor-element-726e455 elementor-mobile-align-center elementor-widget elementor-widget-button\" data-id=\"726e455\" data-element_type=\"widget\" data-widget_type=\"button.default\">\n\t\t\t\t<div class=\"elementor-widget-container\">\n\t\t\t\t\t<div class=\"elementor-button-wrapper\">\n\t\t\t<a class=\"elementor-button elementor-button-link elementor-size-sm\" href=\"https:\/\/master.us.es\/mumiaus\/estructura-del-plan-de-estudios\/\" target=\"_blank\">\n\t\t\t\t\t\t<span class=\"elementor-button-content-wrapper\">\n\t\t\t\t\t\t<span class=\"elementor-button-text\">Nuestras asignaturas<\/span>\n\t\t<\/span>\n\t\t\t\t\t<\/a>\n\t\t<\/div>\n\t\t\t\t<\/div>\n\t\t\t\t<\/div>\n\t\t\t\t\t<\/div>\n\t\t<\/div>\n\t\t\t\t<div class=\"elementor-column elementor-col-50 elementor-inner-column elementor-element elementor-element-03e0428\" data-id=\"03e0428\" data-element_type=\"column\" data-settings=\"{&quot;background_background&quot;:&quot;classic&quot;}\">\n\t\t\t<div class=\"elementor-widget-wrap elementor-element-populated\">\n\t\t\t\t\t\t<div class=\"elementor-element elementor-element-4ee5797 elementor-button-info elementor-widget elementor-widget-button\" data-id=\"4ee5797\" data-element_type=\"widget\" data-widget_type=\"button.default\">\n\t\t\t\t<div class=\"elementor-widget-container\">\n\t\t\t\t\t<div class=\"elementor-button-wrapper\">\n\t\t\t<a class=\"elementor-button elementor-button-link elementor-size-md\" href=\"https:\/\/master.us.es\/mumiaus\/calendario-y-horario\/\" target=\"_blank\">\n\t\t\t\t\t\t<span class=\"elementor-button-content-wrapper\">\n\t\t\t\t\t\t<span class=\"elementor-button-text\">Inicio clases presenciales 25\/26: 27 octubre 2025<\/span>\n\t\t<\/span>\n\t\t\t\t\t<\/a>\n\t\t<\/div>\n\t\t\t\t<\/div>\n\t\t\t\t<\/div>\n\t\t\t\t\t<\/div>\n\t\t<\/div>\n\t\t\t\t\t<\/div>\n\t\t<\/section>\n\t\t\t\t\t<\/div>\n\t\t<\/div>\n\t\t\t\t<div class=\"elementor-column elementor-col-50 elementor-top-column elementor-element elementor-element-a5a39d2\" data-id=\"a5a39d2\" data-element_type=\"column\">\n\t\t\t<div class=\"elementor-widget-wrap elementor-element-populated\">\n\t\t\t\t\t\t<div class=\"elementor-element elementor-element-a4df017 elementor-widget__width-initial elementor-widget elementor-widget-image\" data-id=\"a4df017\" data-element_type=\"widget\" data-widget_type=\"image.default\">\n\t\t\t\t<div class=\"elementor-widget-container\">\n\t\t\t\t\t\t\t\t\t\t\t\t\t<img decoding=\"async\" width=\"300\" height=\"275\" src=\"https:\/\/master.us.es\/mumiaus\/wp-content\/uploads\/2023\/07\/Logo_US-300x275.png\" class=\"attachment-medium size-medium wp-image-648\" alt=\"\" srcset=\"https:\/\/master.us.es\/mumiaus\/wp-content\/uploads\/2023\/07\/Logo_US-300x275.png 300w, https:\/\/master.us.es\/mumiaus\/wp-content\/uploads\/2023\/07\/Logo_US.png 721w\" sizes=\"(max-width: 300px) 100vw, 300px\" \/>\t\t\t\t\t\t\t\t\t\t\t\t\t<\/div>\n\t\t\t\t<\/div>\n\t\t\t\t\t<\/div>\n\t\t<\/div>\n\t\t\t\t\t<\/div>\n\t\t<\/section>\n\t\t\t\t<section class=\"elementor-section elementor-top-section elementor-element elementor-element-970eb21 elementor-section-boxed elementor-section-height-default elementor-section-height-default\" data-id=\"970eb21\" data-element_type=\"section\">\n\t\t\t\t\t\t<div class=\"elementor-container elementor-column-gap-default\">\n\t\t\t\t\t<div class=\"elementor-column elementor-col-50 elementor-top-column elementor-element elementor-element-617e224\" data-id=\"617e224\" data-element_type=\"column\">\n\t\t\t<div class=\"elementor-widget-wrap elementor-element-populated\">\n\t\t\t\t\t\t<div class=\"elementor-element elementor-element-5782ffa elementor-widget elementor-widget-heading\" data-id=\"5782ffa\" data-element_type=\"widget\" data-widget_type=\"heading.default\">\n\t\t\t\t<div class=\"elementor-widget-container\">\n\t\t\t<h2 class=\"elementor-heading-title elementor-size-default\">MUMIA: Tu futuro te espera<\/h2>\t\t<\/div>\n\t\t\t\t<\/div>\n\t\t\t\t<div class=\"elementor-element elementor-element-57955a6 elementor-widget elementor-widget-text-editor\" data-id=\"57955a6\" data-element_type=\"widget\" data-widget_type=\"text-editor.default\">\n\t\t\t\t<div class=\"elementor-widget-container\">\n\t\t\t<style>\/*! elementor - v3.19.0 - 28-02-2024 *\/\n.elementor-widget-text-editor.elementor-drop-cap-view-stacked .elementor-drop-cap{background-color:#69727d;color:#fff}.elementor-widget-text-editor.elementor-drop-cap-view-framed .elementor-drop-cap{color:#69727d;border:3px solid;background-color:transparent}.elementor-widget-text-editor:not(.elementor-drop-cap-view-default) .elementor-drop-cap{margin-top:8px}.elementor-widget-text-editor:not(.elementor-drop-cap-view-default) .elementor-drop-cap-letter{width:1em;height:1em}.elementor-widget-text-editor .elementor-drop-cap{float:left;text-align:center;line-height:1;font-size:50px}.elementor-widget-text-editor .elementor-drop-cap-letter{display:inline-block}<\/style>\t\t\t\t<p>El <strong>M\u00e1ster Universitario en Marketing e Investigaci\u00f3n Aplicada<\/strong> (MUMIA) tiene como objetivo prioritario formar profesionales, analistas e investigadores que compaginen el rigor de sus conocimientos te\u00f3ricos con excelentes habilidades en el manejo de datos emp\u00edricos y una capacidad de an\u00e1lisis de problemas relevantes en los \u00e1mbitos de la gesti\u00f3n y direcci\u00f3n de marketing e investigaci\u00f3n de mercados. <\/p>\t\t\t\t\t\t<\/div>\n\t\t\t\t<\/div>\n\t\t\t\t<div class=\"elementor-element elementor-element-7e44473 elementor-view-stacked elementor-position-left elementor-widget__width-initial elementor-shape-circle elementor-mobile-position-top elementor-vertical-align-top elementor-widget elementor-widget-icon-box\" data-id=\"7e44473\" data-element_type=\"widget\" data-widget_type=\"icon-box.default\">\n\t\t\t\t<div class=\"elementor-widget-container\">\n\t\t\t<link rel=\"stylesheet\" href=\"http:\/\/master.us.es\/mumiaus\/wp-content\/uploads\/elementor\/css\/custom-widget-icon-box.min.css?ver=1709598563\">\t\t<div class=\"elementor-icon-box-wrapper\">\n\t\t\t\t\t\t<div class=\"elementor-icon-box-icon\">\n\t\t\t\t<span  class=\"elementor-icon elementor-animation-\">\n\t\t\t\t<i aria-hidden=\"true\" class=\"fas fa-star\"><\/i>\t\t\t\t<\/span>\n\t\t\t<\/div>\n\t\t\t\t\t\t<div class=\"elementor-icon-box-content\">\n\t\t\t\t<h3 class=\"elementor-icon-box-title\">\n\t\t\t\t\t<span  >\n\t\t\t\t\t\tSalidas profesionales\t\t\t\t\t<\/span>\n\t\t\t\t<\/h3>\n\t\t\t\t\t\t\t\t\t<p class=\"elementor-icon-box-description\">\n\t\t\t\t\t\tDirectores y gerentes de marketing, \ndirectores comerciales y de ventas; \nbusiness intelligence manager; directores de producto; Gerente de transformaci\u00f3n \ndigital; directores y gerentes de empresas \ncomerciales; directores de empresas de \nlog\u00edstica; analista de datos e investigaci\u00f3n \nde mercados; profesionales del marketing \ndigital; expertos SEO-SEM; agentes de \nventas; profesionales de la publicidad y la \ncomercializaci\u00f3n; agentes de compras; \nexpertos en retail y trade marketing; agentes de ventas.\n\t\t\t\t\t<\/p>\n\t\t\t\t\t\t\t<\/div>\n\t\t<\/div>\n\t\t\t\t<\/div>\n\t\t\t\t<\/div>\n\t\t\t\t\t<\/div>\n\t\t<\/div>\n\t\t\t\t<div class=\"elementor-column elementor-col-50 elementor-top-column elementor-element elementor-element-852b49b\" data-id=\"852b49b\" data-element_type=\"column\">\n\t\t\t<div class=\"elementor-widget-wrap elementor-element-populated\">\n\t\t\t\t\t\t<div class=\"elementor-element elementor-element-58cf8b4 elementor-view-stacked elementor-position-left elementor-shape-circle elementor-mobile-position-top elementor-vertical-align-top elementor-widget elementor-widget-icon-box\" data-id=\"58cf8b4\" data-element_type=\"widget\" data-widget_type=\"icon-box.default\">\n\t\t\t\t<div class=\"elementor-widget-container\">\n\t\t\t\t\t<div class=\"elementor-icon-box-wrapper\">\n\t\t\t\t\t\t<div class=\"elementor-icon-box-icon\">\n\t\t\t\t<span  class=\"elementor-icon elementor-animation-\">\n\t\t\t\t<i aria-hidden=\"true\" class=\"fas fa-star\"><\/i>\t\t\t\t<\/span>\n\t\t\t<\/div>\n\t\t\t\t\t\t<div class=\"elementor-icon-box-content\">\n\t\t\t\t<h3 class=\"elementor-icon-box-title\">\n\t\t\t\t\t<span  >\n\t\t\t\t\t\tAcceso y admisi\u00f3n\t\t\t\t\t<\/span>\n\t\t\t\t<\/h3>\n\t\t\t\t\t\t\t\t\t<p class=\"elementor-icon-box-description\">\n\t\t\t\t\t\tPara acceder al <b>MUMIA<\/b> debes tener un t\u00edtulo universitario oficial de Grado o Licenciado,  o M\u00e1ster Universitario,  expedidos por universidades de un pa\u00eds del EEES. Si el titulo procede de sistemas educativos que no formen parte del EEES, deben ser equivalentes. \n\t\t\t\t\t<\/p>\n\t\t\t\t\t\t\t<\/div>\n\t\t<\/div>\n\t\t\t\t<\/div>\n\t\t\t\t<\/div>\n\t\t\t\t<div class=\"elementor-element elementor-element-7021aaf elementor-button-warning elementor-align-center elementor-widget elementor-widget-button\" data-id=\"7021aaf\" data-element_type=\"widget\" data-widget_type=\"button.default\">\n\t\t\t\t<div class=\"elementor-widget-container\">\n\t\t\t\t\t<div class=\"elementor-button-wrapper\">\n\t\t\t<a class=\"elementor-button elementor-button-link elementor-size-lg\" href=\"https:\/\/www.juntadeandalucia.es\/economiaconocimientoempresasyuniversidad\/sguit\/PresentacionSolicitudesMaster\/public\/\">\n\t\t\t\t\t\t<span class=\"elementor-button-content-wrapper\">\n\t\t\t\t\t\t<span class=\"elementor-button-text\">Solicita tu admisi\u00f3n<\/span>\n\t\t<\/span>\n\t\t\t\t\t<\/a>\n\t\t<\/div>\n\t\t\t\t<\/div>\n\t\t\t\t<\/div>\n\t\t\t\t<div class=\"elementor-element elementor-element-e064ef9 elementor-widget__width-initial elementor-widget elementor-widget-image\" data-id=\"e064ef9\" data-element_type=\"widget\" data-widget_type=\"image.default\">\n\t\t\t\t<div class=\"elementor-widget-container\">\n\t\t\t\t\t\t\t\t\t\t\t\t\t<img loading=\"lazy\" decoding=\"async\" width=\"790\" height=\"537\" src=\"https:\/\/master.us.es\/mumiaus\/wp-content\/uploads\/2023\/06\/tu-futuro-te-espera.png\" class=\"attachment-full size-full wp-image-109\" alt=\"\" srcset=\"https:\/\/master.us.es\/mumiaus\/wp-content\/uploads\/2023\/06\/tu-futuro-te-espera.png 790w, https:\/\/master.us.es\/mumiaus\/wp-content\/uploads\/2023\/06\/tu-futuro-te-espera-300x204.png 300w, https:\/\/master.us.es\/mumiaus\/wp-content\/uploads\/2023\/06\/tu-futuro-te-espera-768x522.png 768w\" sizes=\"(max-width: 790px) 100vw, 790px\" \/>\t\t\t\t\t\t\t\t\t\t\t\t\t<\/div>\n\t\t\t\t<\/div>\n\t\t\t\t\t<\/div>\n\t\t<\/div>\n\t\t\t\t\t<\/div>\n\t\t<\/section>\n\t\t\t\t<section class=\"elementor-section elementor-top-section elementor-element elementor-element-96b6f9a elementor-section-boxed elementor-section-height-default elementor-section-height-default\" data-id=\"96b6f9a\" data-element_type=\"section\">\n\t\t\t\t\t\t<div class=\"elementor-container elementor-column-gap-default\">\n\t\t\t\t\t<div class=\"elementor-column elementor-col-50 elementor-top-column elementor-element elementor-element-baa7787\" data-id=\"baa7787\" data-element_type=\"column\">\n\t\t\t<div class=\"elementor-widget-wrap elementor-element-populated\">\n\t\t\t\t\t\t<div class=\"elementor-element elementor-element-5378b83 elementor-widget elementor-widget-heading\" data-id=\"5378b83\" data-element_type=\"widget\" data-widget_type=\"heading.default\">\n\t\t\t\t<div class=\"elementor-widget-container\">\n\t\t\t<h2 class=\"elementor-heading-title elementor-size-default\">Nuestros docentes <br> especializados<\/h2>\t\t<\/div>\n\t\t\t\t<\/div>\n\t\t\t\t<div class=\"elementor-element elementor-element-1a64c7e elementor-widget elementor-widget-text-editor\" data-id=\"1a64c7e\" data-element_type=\"widget\" data-widget_type=\"text-editor.default\">\n\t\t\t\t<div class=\"elementor-widget-container\">\n\t\t\t\t\t\t\t<p>El profesorado del <strong>M\u00e1ster Universitario en Marketing e Investigaci\u00f3n Aplicada<\/strong> lo conforman investigadores doctores adscritos a <strong>cinco departamentos de la Universidad de Sevilla<\/strong>: Dpto. de Administraci\u00f3n de Empresas y Marketing, Dpto. de Lenguajes y Sistemas Inform\u00e1ticos, Dpto. de Psicolog\u00eda Social, Dpto. de Ciencias de la Computaci\u00f3n e Inteligencia Artificial y Dpto. de Econom\u00eda Financiera y Direcci\u00f3n de Operaciones.\u00a0<\/p><p>El personal acad\u00e9mico del <strong>MUMIA<\/strong>\u00a0cuenta con una amplia experiencia docente e investigadora centrada en las \u00e1reas de conocimiento del titulo.<\/p>\t\t\t\t\t\t<\/div>\n\t\t\t\t<\/div>\n\t\t\t\t<div class=\"elementor-element elementor-element-c431fb7 elementor-align-center elementor-widget elementor-widget-button\" data-id=\"c431fb7\" data-element_type=\"widget\" data-widget_type=\"button.default\">\n\t\t\t\t<div class=\"elementor-widget-container\">\n\t\t\t\t\t<div class=\"elementor-button-wrapper\">\n\t\t\t<a class=\"elementor-button elementor-button-link elementor-size-sm\" href=\"https:\/\/master.us.es\/mumiaus\/profesorado\/\">\n\t\t\t\t\t\t<span class=\"elementor-button-content-wrapper\">\n\t\t\t\t\t\t<span class=\"elementor-button-text\">Con\u00f3celos a todos<\/span>\n\t\t<\/span>\n\t\t\t\t\t<\/a>\n\t\t<\/div>\n\t\t\t\t<\/div>\n\t\t\t\t<\/div>\n\t\t\t\t\t<\/div>\n\t\t<\/div>\n\t\t\t\t<div class=\"elementor-column elementor-col-50 elementor-top-column elementor-element elementor-element-72c6165\" data-id=\"72c6165\" data-element_type=\"column\">\n\t\t\t<div class=\"elementor-widget-wrap elementor-element-populated\">\n\t\t\t\t\t\t<div class=\"elementor-element elementor-element-f50fd02 elementor-widget elementor-widget-image\" data-id=\"f50fd02\" data-element_type=\"widget\" data-widget_type=\"image.default\">\n\t\t\t\t<div class=\"elementor-widget-container\">\n\t\t\t\t\t\t\t\t\t\t\t\t\t<img loading=\"lazy\" decoding=\"async\" width=\"794\" height=\"537\" src=\"https:\/\/master.us.es\/mumiaus\/wp-content\/uploads\/2023\/06\/nuestros-docentes-especializados.png\" class=\"attachment-full size-full wp-image-110\" alt=\"\" srcset=\"https:\/\/master.us.es\/mumiaus\/wp-content\/uploads\/2023\/06\/nuestros-docentes-especializados.png 794w, https:\/\/master.us.es\/mumiaus\/wp-content\/uploads\/2023\/06\/nuestros-docentes-especializados-300x203.png 300w, https:\/\/master.us.es\/mumiaus\/wp-content\/uploads\/2023\/06\/nuestros-docentes-especializados-768x519.png 768w\" sizes=\"(max-width: 794px) 100vw, 794px\" \/>\t\t\t\t\t\t\t\t\t\t\t\t\t<\/div>\n\t\t\t\t<\/div>\n\t\t\t\t\t<\/div>\n\t\t<\/div>\n\t\t\t\t\t<\/div>\n\t\t<\/section>\n\t\t\t\t<section class=\"elementor-section elementor-top-section elementor-element elementor-element-1b37375 elementor-section-full_width elementor-section-height-default elementor-section-height-default\" data-id=\"1b37375\" data-element_type=\"section\" data-settings=\"{&quot;background_background&quot;:&quot;classic&quot;}\">\n\t\t\t\t\t\t<div class=\"elementor-container elementor-column-gap-custom\">\n\t\t\t\t\t<div class=\"elementor-column elementor-col-50 elementor-top-column elementor-element elementor-element-91cdcff\" data-id=\"91cdcff\" data-element_type=\"column\">\n\t\t\t<div class=\"elementor-widget-wrap elementor-element-populated\">\n\t\t\t\t\t\t<div class=\"elementor-element elementor-element-037e10e elementor-widget elementor-widget-heading\" data-id=\"037e10e\" data-element_type=\"widget\" data-widget_type=\"heading.default\">\n\t\t\t\t<div class=\"elementor-widget-container\">\n\t\t\t<h3 class=\"elementor-heading-title elementor-size-default\">\u00bfNecesitas m\u00e1s informaci\u00f3n?<\/h3>\t\t<\/div>\n\t\t\t\t<\/div>\n\t\t\t\t<div class=\"elementor-element elementor-element-87c56c2 elementor-widget-tablet__width-initial elementor-widget elementor-widget-text-editor\" data-id=\"87c56c2\" data-element_type=\"widget\" data-widget_type=\"text-editor.default\">\n\t\t\t\t<div class=\"elementor-widget-container\">\n\t\t\t\t\t\t\t<p style=\"text-align: center;\"><span style=\"white-space-collapse: preserve;\">Visita la p\u00e1gina de los m\u00e1steres universitarios de la Universidad de Sevilla, donde puedes encontrar m\u00e1s detalles e informaci\u00f3n.<\/span><\/p>\t\t\t\t\t\t<\/div>\n\t\t\t\t<\/div>\n\t\t\t\t<div class=\"elementor-element elementor-element-67cdc72 elementor-align-center elementor-mobile-align-center elementor-widget elementor-widget-button\" data-id=\"67cdc72\" data-element_type=\"widget\" data-widget_type=\"button.default\">\n\t\t\t\t<div class=\"elementor-widget-container\">\n\t\t\t\t\t<div class=\"elementor-button-wrapper\">\n\t\t\t<a class=\"elementor-button elementor-button-link elementor-size-sm\" href=\"https:\/\/www.us.es\/estudiar\/que-estudiar\/oferta-de-masteres\">\n\t\t\t\t\t\t<span class=\"elementor-button-content-wrapper\">\n\t\t\t\t\t\t<span class=\"elementor-button-text\">M\u00e1steres Universidad de Sevilla<\/span>\n\t\t<\/span>\n\t\t\t\t\t<\/a>\n\t\t<\/div>\n\t\t\t\t<\/div>\n\t\t\t\t<\/div>\n\t\t\t\t\t<\/div>\n\t\t<\/div>\n\t\t\t\t<div class=\"elementor-column elementor-col-50 elementor-top-column elementor-element elementor-element-618a2b5\" data-id=\"618a2b5\" data-element_type=\"column\">\n\t\t\t<div class=\"elementor-widget-wrap elementor-element-populated\">\n\t\t\t\t\t\t<div class=\"elementor-element elementor-element-b787782 elementor-widget__width-initial elementor-widget-tablet__width-initial elementor-widget elementor-widget-image\" data-id=\"b787782\" data-element_type=\"widget\" data-widget_type=\"image.default\">\n\t\t\t\t<div class=\"elementor-widget-container\">\n\t\t\t\t\t\t\t\t\t\t\t\t\t<img loading=\"lazy\" decoding=\"async\" width=\"800\" height=\"358\" src=\"https:\/\/master.us.es\/mumiaus\/wp-content\/uploads\/2023\/07\/LOGO-US-digital-1024x458.png\" class=\"attachment-large size-large wp-image-744\" alt=\"\" srcset=\"https:\/\/master.us.es\/mumiaus\/wp-content\/uploads\/2023\/07\/LOGO-US-digital-1024x458.png 1024w, https:\/\/master.us.es\/mumiaus\/wp-content\/uploads\/2023\/07\/LOGO-US-digital-300x134.png 300w, https:\/\/master.us.es\/mumiaus\/wp-content\/uploads\/2023\/07\/LOGO-US-digital-768x344.png 768w, https:\/\/master.us.es\/mumiaus\/wp-content\/uploads\/2023\/07\/LOGO-US-digital.png 1256w\" sizes=\"(max-width: 800px) 100vw, 800px\" \/>\t\t\t\t\t\t\t\t\t\t\t\t\t<\/div>\n\t\t\t\t<\/div>\n\t\t\t\t\t<\/div>\n\t\t<\/div>\n\t\t\t\t\t<\/div>\n\t\t<\/section>\n\t\t\t\t<\/div>\n\t\t","protected":false},"excerpt":{"rendered":"<p>M\u00e1ster Universitario en Marketing e Investigaci\u00f3n Aplicada Nuestras asignaturas Inicio clases presenciales 25\/26: 27 octubre 2025 MUMIA: Tu futuro te espera El M\u00e1ster Universitario en Marketing e Investigaci\u00f3n Aplicada (MUMIA) tiene como objetivo prioritario formar profesionales, analistas e investigadores que compaginen el rigor de sus conocimientos te\u00f3ricos con excelentes habilidades en el manejo de datos [&hellip;]<\/p>\n","protected":false},"author":2,"featured_media":0,"parent":0,"menu_order":0,"comment_status":"closed","ping_status":"closed","template":"","meta":{"footnotes":""},"class_list":["post-26","page","type-page","status-publish","hentry"],"_links":{"self":[{"href":"https:\/\/master.us.es\/mumiaus\/wp-json\/wp\/v2\/pages\/26","targetHints":{"allow":["GET"]}}],"collection":[{"href":"https:\/\/master.us.es\/mumiaus\/wp-json\/wp\/v2\/pages"}],"about":[{"href":"https:\/\/master.us.es\/mumiaus\/wp-json\/wp\/v2\/types\/page"}],"author":[{"embeddable":true,"href":"https:\/\/master.us.es\/mumiaus\/wp-json\/wp\/v2\/users\/2"}],"replies":[{"embeddable":true,"href":"https:\/\/master.us.es\/mumiaus\/wp-json\/wp\/v2\/comments?post=26"}],"version-history":[{"count":263,"href":"https:\/\/master.us.es\/mumiaus\/wp-json\/wp\/v2\/pages\/26\/revisions"}],"predecessor-version":[{"id":1347,"href":"https:\/\/master.us.es\/mumiaus\/wp-json\/wp\/v2\/pages\/26\/revisions\/1347"}],"wp:attachment":[{"href":"https:\/\/master.us.es\/mumiaus\/wp-json\/wp\/v2\/media?parent=26"}],"curies":[{"name":"wp","href":"https:\/\/api.w.org\/{rel}","templated":true}]}}