{"id":203,"date":"2017-06-27T09:45:12","date_gmt":"2017-06-27T09:45:12","guid":{"rendered":"http:\/\/forall.es\/mgeni\/?page_id=203"},"modified":"2017-11-06T14:29:03","modified_gmt":"2017-11-06T14:29:03","slug":"home","status":"publish","type":"page","link":"https:\/\/master.us.es\/pdgeni\/","title":{"rendered":"Home"},"content":{"rendered":"<div id=\"pl-203\"  class=\"panel-layout\" ><div id=\"pg-203-0\"  class=\"panel-grid panel-has-style\" ><div class=\"so-parallax siteorigin-panels-stretch panel-row-style panel-row-style-for-203-0\" data-stretch-type=\"full\" ><div id=\"pgc-203-0-0\"  class=\"panel-grid-cell\" ><div id=\"panel-203-0-0-0\" class=\"so-panel widget widget_sow-editor panel-first-child panel-last-child\" data-index=\"0\" ><div\n\t\t\t\n\t\t\tclass=\"so-widget-sow-editor so-widget-sow-editor-base\"\n\t\t\t\n\t\t>\n<div class=\"siteorigin-widget-tinymce textwidget\">\n\t<h2 style=\"text-align: center; font-size: 2.5rem; margin-bottom: 1.5rem;\">Bienvenido al M\u00e1ster en Gesti\u00f3n Estrat\u00e9gica y Negocios Internacionales<\/h2>\n<p>El M\u00e1ster Universitario en <strong>Gesti\u00f3n Estrat\u00e9gica y Negocios Internacionales<\/strong> de la <strong>Universidad de Sevilla<\/strong> (<strong>GENI US<\/strong>) te ayudar\u00e1 a convertirte en un alto directivo especializado en un campo de enorme potencial futuro: la gesti\u00f3n de los negocios internacionales. A lo largo de todo el curso aprender\u00e1s a conocer y tomar las decisiones adecuadas en estrategia internacional, y en todo un conjunto de \u00e1reas fundamentales para la gesti\u00f3n de grandes empresas: comercio exterior, sistemas de informaci\u00f3n, gesti\u00f3n de clientes o recursos humanos. Junto a ello, incrementar\u00e1s notablemente tus habilidades directivas. \u00a0<\/p>\n<p>\u00a0<\/p>\n<p>Este t\u00edtulo oficial se imparte por un conjunto de profesores de reconocido prestigio con amplia experiencia docente e investigadora reconocida por ARWU (Ranking Shanghai, Ranking of Academic Subjects, 2017) que posiciona el campo del <em>management <\/em>de la US entre los 300 mejores del mundo. \u00a0Junto a ellos, expertos docentes y profesionales internacionales completan el claustro de profesores. El Master en Gesti\u00f3n Estrat\u00e9gica y Negocios Internacionales tiene una duraci\u00f3n de 60 cr\u00e9ditos ECTS en modalidad presencial para sus asignaturas troncales y optativas. En cuanto a su trabajo fin de master (TFM), que puede ser realizado de manera <em>online, <\/em>te ofrece la posibilidad de desarrollar cualquier estudio o propuesta de mejora para una empresa internacional, as\u00ed como el desarrollo de innovadoras ideas de negocios. Este t\u00edtulo, ofertado a precio p\u00fablico, se dirige a profesionales del negocio internacional, titulados universitarios y graduados superiores, especialmente en el \u00e1rea de la administraci\u00f3n de empresas, econom\u00eda, marketing e ingenier\u00edas, u otras titulaciones si los candidatos cuentan con experiencia profesional previa.<\/p>\n<p>\u00a0<\/p>\n<\/div>\n<\/div><\/div><\/div><div id=\"pgc-203-0-1\"  class=\"panel-grid-cell\" ><div id=\"panel-203-0-1-0\" class=\"so-panel widget panel-first-child panel-last-child\" data-index=\"1\" ><\/div><\/div><\/div><\/div><div id=\"pg-203-1\"  class=\"panel-grid panel-has-style\" ><div class=\"siteorigin-panels-stretch panel-row-style panel-row-style-for-203-1\" data-stretch-type=\"full\" ><div id=\"pgc-203-1-0\"  class=\"panel-grid-cell\" ><div id=\"panel-203-1-0-0\" class=\"so-panel widget widget_pw_call_to_action widget-call-to-action panel-first-child panel-last-child\" data-index=\"2\" >\t\t\t\t<div class=\"call-to-action\">\r\n\t\t\t\t\t<div class=\"call-to-action__text\">\r\n\t\t\t\t\t\t<h4 class=\"call-to-action__title\">\r\n\t\t\t\t\t\t\t\u00bfQuieres informaci\u00f3n de acceso?\t\t\t\t\t\t<\/h4>\r\n\t\t\t\t\t\t<p class=\"call-to-action__subtitle\">\r\n\t\t\t\t\t\t\tVisita la web corporativa de la Universidad de Sevilla d\u00f3nde aparecen toda la informaci\u00f3n.\t\t\t\t\t\t<\/p>\r\n\t\t\t\t\t<\/div>\r\n\t\t\t\t\t<div class=\"call-to-action__button\">\r\n\t\t\t\t\t\t<a class=\"btn  btn-primary\" href=\"http:\/\/www.us.es\/estudios\/master\/master_M085\" target=\"_blank\"> + INFORMACI\u00d3N<\/a>\t\t\t\t\t<\/div>\r\n\t\t\t\t<\/div>\r\n\t\t\t<\/div><\/div><\/div><\/div><div id=\"pg-203-2\"  class=\"panel-grid panel-no-style\" ><div id=\"pgc-203-2-0\"  class=\"panel-grid-cell\" ><div id=\"panel-203-2-0-0\" class=\"so-panel widget widget_pw_latest_news widget-latest-news panel-first-child panel-last-child\" data-index=\"3\" >\r\n\t\t\t\t\t\t<div class=\"card  latest-news  latest-news--block\">\r\n\t\t\t\t\r\n\t\t\t\t<div class=\"card-block  latest-news__content\">\r\n\t\t\t\t\t<time class=\"latest-news__date\" datetime=\"2026-03-04T09:44:54+00:00\">4 marzo, 2026<\/time>\r\n\t\t\t\t\t<h4 class=\"card-title  latest-news__title\"><a href=\"https:\/\/master.us.es\/pdgeni\/iii-jornadas-del-programa-de-orientacion-profesional-empleo-privado\/\">III Jornadas del Programa de Orientaci\u00f3n Profesional \u2013 Empleo Privado<\/a><\/h4>\r\n\t\t\t\t\t<div class=\"card-text  latest-news__text\">\r\n\t\t\t\t\tLos pr\u00f3ximos\u00a05 y 6 de marzo, en el\u00a0Sal\u00f3n de Grados (11:30\u201313:30 h), celebraremos las\u00a0III Jornadas del Programa de Orientaci\u00f3n Profesional \u2013 Empleo Privado, dirigidas a estudiantes de \u00faltimos cursos de los Grados en Econom\u00eda, ADE, Marketing y Dobles Grados (Derecho + ADE y Derecho + Econom\u00eda). El objetivo de estas jornadas es reforzar la conexi\u00f3n &hellip;\t\t\t\t\t<\/div>\r\n\t\t\t\t<\/div>\r\n\t\t\t<\/div>\r\n\t\t\t\t\t\r\n<\/div><\/div><div id=\"pgc-203-2-1\"  class=\"panel-grid-cell\" ><div id=\"panel-203-2-1-0\" class=\"so-panel widget widget_pw_latest_news widget-latest-news panel-first-child panel-last-child\" data-index=\"4\" >\r\n\t\t\t\t\t\t<div class=\"card  latest-news  latest-news--block\">\r\n\t\t\t\t\r\n\t\t\t\t<div class=\"card-block  latest-news__content\">\r\n\t\t\t\t\t<time class=\"latest-news__date\" datetime=\"2026-02-24T13:03:42+00:00\">24 febrero, 2026<\/time>\r\n\t\t\t\t\t<h4 class=\"card-title  latest-news__title\"><a href=\"https:\/\/master.us.es\/pdgeni\/ciclo-de-cursos-en-linea-de-la-wos\/\">Ciclo de cursos en l\u00ednea de la WOS<\/a><\/h4>\r\n\t\t\t\t\t<div class=\"card-text  latest-news__text\">\r\n\t\t\t\t\tAprovecha para iniciarte en la base de datos acad\u00e9mica m\u00e1s importante del mundo. 23\/02\/2026 FECYT, junto con Clarivate, ofrece tres nuevas\u00a0jornadas de formaci\u00f3n\u00a0en l\u00ednea en espa\u00f1ol\u00a0para que te inicies en la base de datos Web of Science. Todas en horario de 14.00 a 15.00 hrs: Martes, 03 de marzo: Primeros pasos con Web of Science\u00a0 &hellip;\t\t\t\t\t<\/div>\r\n\t\t\t\t<\/div>\r\n\t\t\t<\/div>\r\n\t\t\t\t\t\r\n<\/div><\/div><div id=\"pgc-203-2-2\"  class=\"panel-grid-cell\" ><div id=\"panel-203-2-2-0\" class=\"so-panel widget widget_pw_latest_news widget-latest-news panel-first-child panel-last-child\" data-index=\"5\" >\r\n\t\t\t<div class=\"latest-news__container\">\r\n\t\t\t\t\t\t\t<a href=\"https:\/\/master.us.es\/pdgeni\/charla-coloquio-sobre-el-papel-estrategico-de-los-puertos-y-las-nuevas-tendencias-logisticas-e-inmobiliarias-a-cargo-de-ismael-clemente-ceo-de-merlin-properties-y-rafael-carmona-presidente-de-la-a\/\" class=\"card  latest-news  latest-news--inline\">\r\n\t\t\t\t\t<div class=\"card-block  latest-news__content\">\r\n\t\t\t\t\t\t<h4 class=\"card-title  latest-news__title\">Charla-coloquio sobre el papel estrat\u00e9gico de los puertos y las nuevas tendencias log\u00edsticas e inmobiliarias, a cargo de Ismael Clemente (CEO de Merlin Properties) y Rafael Carmona (presidente de la Autoridad Portuaria de Sevilla).<\/h4>\r\n\t\t\t\t\t\t\t<time class=\"latest-news__date\" datetime=\"2026-02-02T14:39:09+00:00\">\r\n\t\t\t\t\t\t\t\t2 febrero, 2026\t\t\t\t\t\t\t<\/time>\r\n\t\t\t\t\t<\/div>\r\n\t\t\t\t<\/a>\r\n\t\t\t\t\t\t\t<a href=\"https:\/\/master.us.es\/pdgeni\/seminario-de-investigacion\/\" class=\"card  latest-news  latest-news--inline\">\r\n\t\t\t\t\t<div class=\"card-block  latest-news__content\">\r\n\t\t\t\t\t\t<h4 class=\"card-title  latest-news__title\">SEMINARIO DE INVESTIGACI\u00d3N<\/h4>\r\n\t\t\t\t\t\t\t<time class=\"latest-news__date\" datetime=\"2025-12-12T11:13:25+00:00\">\r\n\t\t\t\t\t\t\t\t12 diciembre, 2025\t\t\t\t\t\t\t<\/time>\r\n\t\t\t\t\t<\/div>\r\n\t\t\t\t<\/a>\r\n\t\t\t\t\t\t\t<a href=\"https:\/\/master.us.es\/pdgeni\/12a-edicion-de-las-jornadas-de-emprendimiento-de-la-fceye\/\" class=\"card  latest-news  latest-news--inline\">\r\n\t\t\t\t\t<div class=\"card-block  latest-news__content\">\r\n\t\t\t\t\t\t<h4 class=\"card-title  latest-news__title\">12\u00aa edici\u00f3n de las jornadas de emprendimiento de la FCEYE<\/h4>\r\n\t\t\t\t\t\t\t<time class=\"latest-news__date\" datetime=\"2025-11-20T15:18:58+00:00\">\r\n\t\t\t\t\t\t\t\t20 noviembre, 2025\t\t\t\t\t\t\t<\/time>\r\n\t\t\t\t\t<\/div>\r\n\t\t\t\t<\/a>\r\n\t\t\t\r\n\t\t\t\t\t\t\t<a href=\"https:\/\/master.us.es\/pdgeni\/\" class=\"card-block  latest-news  latest-news--more-news\">\r\n\t\t\t\t\tM\u00e1s noticias\t\t\t\t<\/a>\r\n\t\t\t\t\t<\/div>\r\n\t\r\n<\/div><\/div><\/div><\/div>","protected":false},"excerpt":{"rendered":"<p>Bienvenido al M\u00e1ster en Gesti\u00f3n Estrat\u00e9gica y Negocios InternacionalesEl M\u00e1ster Universitario en Gesti\u00f3n Estrat\u00e9gica y Negocios Internacionales de la Universidad de Sevilla (GENI US) te ayudar\u00e1 a convertirte en un alto directivo especializado en un campo de enorme potencial futuro: la gesti\u00f3n de los negocios internacionales. A lo largo de todo el curso aprender\u00e1s a &hellip;<\/p>\n","protected":false},"author":1,"featured_media":0,"parent":0,"menu_order":0,"comment_status":"closed","ping_status":"closed","template":"template-front-page-slider.php","meta":{"_acf_changed":false,"footnotes":""},"class_list":["post-203","page","type-page","status-publish","hentry"],"acf":[],"_links":{"self":[{"href":"https:\/\/master.us.es\/pdgeni\/wp-json\/wp\/v2\/pages\/203","targetHints":{"allow":["GET"]}}],"collection":[{"href":"https:\/\/master.us.es\/pdgeni\/wp-json\/wp\/v2\/pages"}],"about":[{"href":"https:\/\/master.us.es\/pdgeni\/wp-json\/wp\/v2\/types\/page"}],"author":[{"embeddable":true,"href":"https:\/\/master.us.es\/pdgeni\/wp-json\/wp\/v2\/users\/1"}],"replies":[{"embeddable":true,"href":"https:\/\/master.us.es\/pdgeni\/wp-json\/wp\/v2\/comments?post=203"}],"version-history":[{"count":51,"href":"https:\/\/master.us.es\/pdgeni\/wp-json\/wp\/v2\/pages\/203\/revisions"}],"predecessor-version":[{"id":6172,"href":"https:\/\/master.us.es\/pdgeni\/wp-json\/wp\/v2\/pages\/203\/revisions\/6172"}],"wp:attachment":[{"href":"https:\/\/master.us.es\/pdgeni\/wp-json\/wp\/v2\/media?parent=203"}],"curies":[{"name":"wp","href":"https:\/\/api.w.org\/{rel}","templated":true}]}}

<div id="pl-203"  class="panel-layout" ><div id="pg-203-0"  class="panel-grid panel-has-style" ><div class="so-parallax siteorigin-panels-stretch panel-row-style panel-row-style-for-203-0" data-stretch-type="full" ><div id="pgc-203-0-0"  class="panel-grid-cell" ><div id="panel-203-0-0-0" class="so-panel widget widget_sow-editor panel-first-child panel-last-child" data-index="0" ><div
			
			class="so-widget-sow-editor so-widget-sow-editor-base"
			
		>
<div class="siteorigin-widget-tinymce textwidget">
	<h2 style="text-align: center; font-size: 2.5rem; margin-bottom: 1.5rem;">Bienvenido al Máster en Gestión Estratégica y Negocios Internacionales</h2>
<p>El Máster Universitario en <strong>Gestión Estratégica y Negocios Internacionales</strong> de la <strong>Universidad de Sevilla</strong> (<strong>GENI US</strong>) te ayudará a convertirte en un alto directivo especializado en un campo de enorme potencial futuro: la gestión de los negocios internacionales. A lo largo de todo el curso aprenderás a conocer y tomar las decisiones adecuadas en estrategia internacional, y en todo un conjunto de áreas fundamentales para la gestión de grandes empresas: comercio exterior, sistemas de información, gestión de clientes o recursos humanos. Junto a ello, incrementarás notablemente tus habilidades directivas.  </p>
<p> </p>
<p>Este título oficial se imparte por un conjunto de profesores de reconocido prestigio con amplia experiencia docente e investigadora reconocida por ARWU (Ranking Shanghai, Ranking of Academic Subjects, 2017) que posiciona el campo del <em>management </em>de la US entre los 300 mejores del mundo.  Junto a ellos, expertos docentes y profesionales internacionales completan el claustro de profesores. El Master en Gestión Estratégica y Negocios Internacionales tiene una duración de 60 créditos ECTS en modalidad presencial para sus asignaturas troncales y optativas. En cuanto a su trabajo fin de master (TFM), que puede ser realizado de manera <em>online, </em>te ofrece la posibilidad de desarrollar cualquier estudio o propuesta de mejora para una empresa internacional, así como el desarrollo de innovadoras ideas de negocios. Este título, ofertado a precio público, se dirige a profesionales del negocio internacional, titulados universitarios y graduados superiores, especialmente en el área de la administración de empresas, economía, marketing e ingenierías, u otras titulaciones si los candidatos cuentan con experiencia profesional previa.</p>
<p> </p>
</div>
</div></div></div><div id="pgc-203-0-1"  class="panel-grid-cell" ><div id="panel-203-0-1-0" class="so-panel widget panel-first-child panel-last-child" data-index="1" ></div></div></div></div><div id="pg-203-1"  class="panel-grid panel-has-style" ><div class="siteorigin-panels-stretch panel-row-style panel-row-style-for-203-1" data-stretch-type="full" ><div id="pgc-203-1-0"  class="panel-grid-cell" ><div id="panel-203-1-0-0" class="so-panel widget widget_pw_call_to_action widget-call-to-action panel-first-child panel-last-child" data-index="2" >				<div class="call-to-action">
					<div class="call-to-action__text">
						<h4 class="call-to-action__title">
							¿Quieres información de acceso?						</h4>
						<p class="call-to-action__subtitle">
							Visita la web corporativa de la Universidad de Sevilla dónde aparecen toda la información.						</p>
					</div>
					<div class="call-to-action__button">
						<a class="btn  btn-primary" href="http://www.us.es/estudios/master/master_M085" target="_blank"> + INFORMACIÓN</a>					</div>
				</div>
			</div></div></div></div><div id="pg-203-2"  class="panel-grid panel-no-style" ><div id="pgc-203-2-0"  class="panel-grid-cell" ><div id="panel-203-2-0-0" class="so-panel widget widget_pw_latest_news widget-latest-news panel-first-child panel-last-child" data-index="3" >
						<div class="card  latest-news  latest-news--block">
				
				<div class="card-block  latest-news__content">
					<time class="latest-news__date" datetime="2026-03-04T09:44:54+00:00">4 marzo, 2026</time>
					<h4 class="card-title  latest-news__title"><a href="https://master.us.es/pdgeni/iii-jornadas-del-programa-de-orientacion-profesional-empleo-privado/">III Jornadas del Programa de Orientación Profesional – Empleo Privado</a></h4>
					<div class="card-text  latest-news__text">
					Los próximos 5 y 6 de marzo, en el Salón de Grados (11:30–13:30 h), celebraremos las III Jornadas del Programa de Orientación Profesional – Empleo Privado, dirigidas a estudiantes de últimos cursos de los Grados en Economía, ADE, Marketing y Dobles Grados (Derecho + ADE y Derecho + Economía). El objetivo de estas jornadas es reforzar la conexión &hellip;					</div>
				</div>
			</div>
					
</div></div><div id="pgc-203-2-1"  class="panel-grid-cell" ><div id="panel-203-2-1-0" class="so-panel widget widget_pw_latest_news widget-latest-news panel-first-child panel-last-child" data-index="4" >
						<div class="card  latest-news  latest-news--block">
				
				<div class="card-block  latest-news__content">
					<time class="latest-news__date" datetime="2026-02-24T13:03:42+00:00">24 febrero, 2026</time>
					<h4 class="card-title  latest-news__title"><a href="https://master.us.es/pdgeni/ciclo-de-cursos-en-linea-de-la-wos/">Ciclo de cursos en línea de la WOS</a></h4>
					<div class="card-text  latest-news__text">
					Aprovecha para iniciarte en la base de datos académica más importante del mundo. 23/02/2026 FECYT, junto con Clarivate, ofrece tres nuevas jornadas de formación en línea en español para que te inicies en la base de datos Web of Science. Todas en horario de 14.00 a 15.00 hrs: Martes, 03 de marzo: Primeros pasos con Web of Science  &hellip;					</div>
				</div>
			</div>
					
</div></div><div id="pgc-203-2-2"  class="panel-grid-cell" ><div id="panel-203-2-2-0" class="so-panel widget widget_pw_latest_news widget-latest-news panel-first-child panel-last-child" data-index="5" >
			<div class="latest-news__container">
							<a href="https://master.us.es/pdgeni/charla-coloquio-sobre-el-papel-estrategico-de-los-puertos-y-las-nuevas-tendencias-logisticas-e-inmobiliarias-a-cargo-de-ismael-clemente-ceo-de-merlin-properties-y-rafael-carmona-presidente-de-la-a/" class="card  latest-news  latest-news--inline">
					<div class="card-block  latest-news__content">
						<h4 class="card-title  latest-news__title">Charla-coloquio sobre el papel estratégico de los puertos y las nuevas tendencias logísticas e inmobiliarias, a cargo de Ismael Clemente (CEO de Merlin Properties) y Rafael Carmona (presidente de la Autoridad Portuaria de Sevilla).</h4>
							<time class="latest-news__date" datetime="2026-02-02T14:39:09+00:00">
								2 febrero, 2026							</time>
					</div>
				</a>
							<a href="https://master.us.es/pdgeni/seminario-de-investigacion/" class="card  latest-news  latest-news--inline">
					<div class="card-block  latest-news__content">
						<h4 class="card-title  latest-news__title">SEMINARIO DE INVESTIGACIÓN</h4>
							<time class="latest-news__date" datetime="2025-12-12T11:13:25+00:00">
								12 diciembre, 2025							</time>
					</div>
				</a>
							<a href="https://master.us.es/pdgeni/12a-edicion-de-las-jornadas-de-emprendimiento-de-la-fceye/" class="card  latest-news  latest-news--inline">
					<div class="card-block  latest-news__content">
						<h4 class="card-title  latest-news__title">12ª edición de las jornadas de emprendimiento de la FCEYE</h4>
							<time class="latest-news__date" datetime="2025-11-20T15:18:58+00:00">
								20 noviembre, 2025							</time>
					</div>
				</a>
			
							<a href="https://master.us.es/pdgeni/" class="card-block  latest-news  latest-news--more-news">
					Más noticias				</a>
					</div>
	
</div></div></div></div>

<p>Bienvenido al Máster en Gestión Estratégica y Negocios InternacionalesEl Máster Universitario en Gestión Estratégica y Negocios Internacionales de la Universidad de Sevilla (GENI US) te ayudará a convertirte en un alto directivo especializado en un campo de enorme potencial futuro: la gestión de los negocios internacionales. A lo largo de todo el curso aprenderás a &hellip;</p>
