{"id":5777,"date":"2017-10-17T08:37:41","date_gmt":"2017-10-17T08:37:41","guid":{"rendered":"http:\/\/forall.es\/mgeni\/?page_id=5777"},"modified":"2022-10-27T15:31:50","modified_gmt":"2022-10-27T15:31:50","slug":"acceso-y-admision","status":"publish","type":"page","link":"https:\/\/master.us.es\/pdgeni\/acceso-y-admision\/","title":{"rendered":"Acceso y Admisi\u00f3n"},"content":{"rendered":"<p>Para acceder al Master en Gesti\u00f3n Estrat\u00e9gica y Negocios Internacionales es necesario realizar la preinscripci\u00f3n a trav\u00e9s del <a href=\"https:\/\/www.juntadeandalucia.es\/economiaconocimientoempresasyuniversidad\/sguit\/?q=masteres&amp;d=mo_requisitos_procedimiento.php\">Distrito \u00danico Andaluz<\/a><\/p>\n<p>&nbsp;<\/p>\n<p>Las fechas m\u00e1s relevantes del proceso se pueden encontrar en\u00a0<a href=\"https:\/\/www.juntadeandalucia.es\/economiaconocimientoempresasyuniversidad\/sguit\/?q=masteres&amp;d=mo_calendario.php\">este enlace.<\/a><\/p>\n<p>&nbsp;<\/p>\n<p>Al solicitar el acceso, el candidato debe encontrase en alguna de las siguientes situaciones:<\/p>\n<ul>\n<li>Estar en posesi\u00f3n de un t\u00edtulo de Grado, o de Arquitecto, Ingeniero, Licenciado, Arquitecto T\u00e9cnico, Ingeniero T\u00e9cnico o Maestro, u otro expresamente declarado equivalente.<\/li>\n<li>Estar en posesi\u00f3n de un t\u00edtulo universitario extranjero expedido por una instituci\u00f3n de educaci\u00f3n superior del Espacio Europeo de Educaci\u00f3n Superior que facultan en el pa\u00eds expedidor del t\u00edtulo para el acceso a ense\u00f1anzas de m\u00e1ster.<\/li>\n<li>Estar en posesi\u00f3n de un t\u00edtulo universitario extranjero, equivalente al nivel de grado en Espa\u00f1a, pero que no ha sido homologado por el Ministerio de Educaci\u00f3n Espa\u00f1ol y que faculte en su pa\u00eds de origen para cursar estudios de posgrado.<\/li>\n<\/ul>\n<p>&nbsp;<\/p>\n<p>Las distintas fases del procedimiento de admisi\u00f3n (Fase 1: cupo de extranjeros; Fase 2: cupo general y Fase 3: cupo general) y el proceso de matr\u00edcula se puede consultar <a href=\"https:\/\/www.juntadeandalucia.es\/economiaconocimientoempresasyuniversidad\/sguit\/?q=masteres&amp;d=mo_requisitos_procedimiento.php\">aqu\u00ed<\/a>.<\/p>\n<p>&nbsp;<\/p>\n<p>La titulaci\u00f3n de partida de cada solicitante establece un orden de preferencia para el acceso de alta, media y baja. En todo caso, el solicitante debe acreditar, bien por su titulaci\u00f3n previa o por su experiencia, unos conocimientos b\u00e1sicos en direcci\u00f3n de empresas (<a href=\"https:\/\/www.juntadeandalucia.es\/economiaconocimientoempresasyuniversidad\/sguit\/?q=masteres&amp;d=mo_catalogo_top.php\">enlace<\/a>).<\/p>\n<p>&nbsp;<\/p>\n<p>Los criterios y baremo para la puntuaci\u00f3n de acceso se detallan en\u00a0<a href=\"https:\/\/www.juntadeandalucia.es\/economiaconocimientoempresasyuniversidad\/sguit\/?q=masteres&amp;d=mo_catalogo_top.php\">esta web<\/a>.<\/p>\n","protected":false},"excerpt":{"rendered":"<p>Para acceder al Master en Gesti\u00f3n Estrat\u00e9gica y Negocios Internacionales es necesario realizar la preinscripci\u00f3n a trav\u00e9s del Distrito \u00danico Andaluz &nbsp; Las fechas m\u00e1s relevantes del proceso se pueden encontrar en\u00a0este enlace. &nbsp; Al solicitar el acceso, el candidato debe encontrase en alguna de las siguientes situaciones: Estar en posesi\u00f3n de un t\u00edtulo de &hellip;<\/p>\n","protected":false},"author":1,"featured_media":0,"parent":0,"menu_order":0,"comment_status":"closed","ping_status":"closed","template":"","meta":{"_acf_changed":false,"footnotes":""},"class_list":["post-5777","page","type-page","status-publish","hentry"],"acf":[],"_links":{"self":[{"href":"https:\/\/master.us.es\/pdgeni\/wp-json\/wp\/v2\/pages\/5777","targetHints":{"allow":["GET"]}}],"collection":[{"href":"https:\/\/master.us.es\/pdgeni\/wp-json\/wp\/v2\/pages"}],"about":[{"href":"https:\/\/master.us.es\/pdgeni\/wp-json\/wp\/v2\/types\/page"}],"author":[{"embeddable":true,"href":"https:\/\/master.us.es\/pdgeni\/wp-json\/wp\/v2\/users\/1"}],"replies":[{"embeddable":true,"href":"https:\/\/master.us.es\/pdgeni\/wp-json\/wp\/v2\/comments?post=5777"}],"version-history":[{"count":7,"href":"https:\/\/master.us.es\/pdgeni\/wp-json\/wp\/v2\/pages\/5777\/revisions"}],"predecessor-version":[{"id":6508,"href":"https:\/\/master.us.es\/pdgeni\/wp-json\/wp\/v2\/pages\/5777\/revisions\/6508"}],"wp:attachment":[{"href":"https:\/\/master.us.es\/pdgeni\/wp-json\/wp\/v2\/media?parent=5777"}],"curies":[{"name":"wp","href":"https:\/\/api.w.org\/{rel}","templated":true}]}}