{"id":5783,"date":"2017-10-17T08:40:09","date_gmt":"2017-10-17T08:40:09","guid":{"rendered":"http:\/\/forall.es\/mgeni\/?page_id=5783"},"modified":"2025-09-25T16:06:56","modified_gmt":"2025-09-25T16:06:56","slug":"profesorado","status":"publish","type":"page","link":"https:\/\/master.us.es\/pdgeni\/profesorado\/","title":{"rendered":"Profesorado"},"content":{"rendered":"<div id=\"pl-5783\" class=\"panel-layout\">\n<div id=\"pg-5783-0\" class=\"panel-grid panel-no-style\">\n<div id=\"pgc-5783-0-0\" class=\"panel-grid-cell\" data-weight=\"1\">\n<div id=\"panel-5783-0-0-0\" class=\"so-panel widget widget_sow-editor panel-first-child panel-last-child\" data-index=\"0\" data-style=\"{&quot;background_image_attachment&quot;:false,&quot;background_display&quot;:&quot;tile&quot;}\">\n<div class=\"so-widget-sow-editor so-widget-sow-editor-base\">\n<div class=\"siteorigin-widget-tinymce textwidget\">\n<p><strong>Profesorado de la Universidad de Sevilla (Perfil PRISMA. Panor\u00e1mica de la investigaci\u00f3n de la US)<\/strong><\/p>\n<p><a href=\"https:\/\/bibliometria.us.es\/prisma\/investigador\/14\">Acedo Gonz\u00e1lez, Francisco Jos\u00e9<\/a><\/p>\n<p><a href=\"https:\/\/bibliometria.us.es\/prisma\/investigador\/351\">Barroso Castro, Carmen<\/a><\/p>\n<p><a href=\"https:\/\/bibliometria.us.es\/prisma\/investigador\/570\">Calvo de Mora Schmidt, Arturo<\/a><\/p>\n<p><a href=\"https:\/\/bibliometria.us.es\/prisma\/investigador\/744\">Casillas Bueno, Jos\u00e9 Carlos<\/a><\/p>\n<p><a href=\"https:\/\/bibliometria.us.es\/prisma\/investigador\/778\">Castro Abancens, Ignacio<\/a><\/p>\n<p><a href=\"https:\/\/bibliometria.us.es\/prisma\/investigador\/815\">Cepeda Carri\u00f3n, Gabriel<\/a><\/p>\n<p><a href=\"https:\/\/prisma.us.es\/investigador\/6552\">D\u00edaz Carri\u00f3n, Rosal\u00eda<\/a><\/p>\n<p><a href=\"https:\/\/prisma.us.es\/investigador\/7150\">Felipe Llanos, Carmen<\/a><\/p>\n<p><a href=\"https:\/\/bibliometria.us.es\/prisma\/investigador\/1400\">Gal\u00e1n Gonz\u00e1lez, Jos\u00e9 Luis<\/a><\/p>\n<p><a href=\"https:\/\/prisma.us.es\/investigador\/6563\">Gil Cordero, Eloy<\/a><\/p>\n<p><a href=\"https:\/\/prisma.us.es\/investigador\/2155\">Leal Mill\u00e1n, Antonio<\/a><\/div>\n<div class=\"siteorigin-widget-tinymce textwidget\">\n<a href=\"https:\/\/bibliometria.us.es\/prisma\/investigador\/2483\">Martelo Landr\u00f3guez, Silvia<\/a><\/p>\n<p><a href=\"https:\/\/bibliometria.us.es\/prisma\/investigador\/2588\">Mart\u00ednez Torres, Rocio<\/a><\/p>\n<p><a href=\"https:\/\/bibliometria.us.es\/prisma\/investigador\/2828\">Moreno Men\u00e9ndez, Ana Mar\u00eda<\/a><\/p>\n<p><a href=\"https:\/\/bibliometria.us.es\/prisma\/investigador\/2957\">Navarro Garc\u00eda, Antonio<\/a><\/p>\n<p><a href=\"https:\/\/bibliometria.us.es\/prisma\/investigador\/3079\">Ortega Guti\u00e9rrez, Jaime<\/a><\/p>\n<p><a href=\"https:\/\/bibliometria.us.es\/prisma\/investigador\/3216\">Peral Peral, Bego\u00f1a<\/a><\/p>\n<p><a href=\"https:\/\/bibliometria.us.es\/prisma\/investigador\/3317\" target=\"_blank\" rel=\"noopener\">Pic\u00f3n Berjoyo, Araceli<\/a><\/p>\n<p><a href=\"https:\/\/bibliometria.us.es\/prisma\/investigador\/3463\">Ramos Hidalgo, Encarnaci\u00f3n<\/a><\/p>\n<p><a href=\"https:\/\/bibliometria.us.es\/prisma\/investigador\/3508\">Revilla Camacho, M\u00aa Angeles<\/a><\/p>\n<p><a href=\"https:\/\/bibliometria.us.es\/prisma\/investigador\/3673\">Rodr\u00edguez Bobada-Rey, Joaquina<\/a><\/p>\n<p><a href=\"https:\/\/bibliometria.us.es\/prisma\/investigador\/3692\">Roldan Salgueiro, Jos\u00e9 Luis<\/a><\/p>\n<p><a href=\"https:\/\/bibliometria.us.es\/prisma\/investigador\/3755\">Rond\u00e1n Catalu\u00f1a, Francisco Javier<\/a><\/p>\n<p><a href=\"https:\/\/bibliometria.us.es\/prisma\/investigador\/3763\">Rosa D\u00edaz, Isabel Mar\u00eda<\/a><\/p>\n<p><a href=\"https:\/\/bibliometria.us.es\/prisma\/investigador\/3824\">Ruiz Moreno, Carolina<\/a><\/p>\n<p><a href=\"https:\/\/prisma.us.es\/investigador\/4295\">Vecino Gravel, Julio<\/a><\/div>\n<div class=\"siteorigin-widget-tinymce textwidget\">\n<a href=\"https:\/\/bibliometria.us.es\/prisma\/investigador\/4304\">Vega V\u00e1zquez, Manuela<\/a><\/p>\n<p><a href=\"https:\/\/bibliometria.us.es\/prisma\/investigador\/4320\">Velicia Mart\u00edn, F\u00e9lix<\/a><\/p>\n<p><a href=\"https:\/\/bibliometria.us.es\/prisma\/investigador\/4367\">Villarejo Ramos, \u00c1ngel Francisco<\/a><\/p>\n<p><strong>\u00a0<\/strong><\/p>\n<p><strong>Colaboradores Externos<\/strong><\/p>\n<p>Pedro Marcos Rodr\u00edguez<\/p>\n<p>Adrian Ortiz<\/p>\n<p>Mirian Mu\u00f1oz Exp\u00f3sito<\/p>\n<p>Gianluca Canali<\/p>\n<p>Amable Esparza Lorente<\/p>\n<p>Rafael Carmona Ruiz<\/p>\n<p><strong>Colaboradores Internacionales y Nacionales<\/strong><\/p>\n<p><strong>\u00a0<\/strong><\/p>\n<p>Dr. Wagner Kamakura, Rice University (EEUU)<\/p>\n<p>Dr. Richard Priem, TCU Neeley School of Business (EEUU)<\/p>\n<p>Dr. Davide Pellegrini, University of Parma<\/p>\n<p>Dr. Enrique Bign\u00e9 Alca\u00f1iz, de la Universidad de Valencia<\/p>\n<p>Dr. Nicole Coviello, Professor of Entrepreneurship at Wilfrid Laurier University (Canada)<\/p>\n<p>Dr. Jinyue HE, Professor of Hong Kong University of Science and Technology.<\/p>\n<p>Dr. Jaime Bonache, de la Universidad Carlos III (Madrid)<\/p>\n<p>Dr. J\u00f6rg Henseler, Faculty of Engineering Technology of the University of Twente, Enschede, Holanda.<\/p>\n<p>Dr. Wynne W. Chin, C.T. Bauer College of Business, University of Houston, (USA).<\/p>\n<p>Dr. Alex Rialp, Universidad Aut\u00f3noma de Barcelona<\/p>\n<p>Dr. Enrique Mart\u00edn Armario, Universidad de Sevilla<\/p>\n<p>Dr. Jason Tatcher, Clemson University (USA)<\/p>\n<p>Dr. Ko de Ruyter, University of London<\/p>\n<\/div>\n<\/div>\n<\/div>\n<\/div>\n<\/div>\n<\/div>\n","protected":false},"excerpt":{"rendered":"<p>Profesorado de la Universidad de Sevilla (Perfil PRISMA. Panor\u00e1mica de la investigaci\u00f3n de la US) Acedo Gonz\u00e1lez, Francisco Jos\u00e9 Barroso Castro, Carmen Calvo de Mora Schmidt, Arturo Casillas Bueno, Jos\u00e9 Carlos Castro Abancens, Ignacio Cepeda Carri\u00f3n, Gabriel D\u00edaz Carri\u00f3n, Rosal\u00eda Felipe Llanos, Carmen Gal\u00e1n Gonz\u00e1lez, Jos\u00e9 Luis Gil Cordero, Eloy Leal Mill\u00e1n, Antonio Martelo Landr\u00f3guez, &hellip;<\/p>\n","protected":false},"author":1,"featured_media":0,"parent":0,"menu_order":0,"comment_status":"closed","ping_status":"closed","template":"","meta":{"_acf_changed":false,"footnotes":""},"class_list":["post-5783","page","type-page","status-publish","hentry"],"acf":[],"_links":{"self":[{"href":"https:\/\/master.us.es\/pdgeni\/wp-json\/wp\/v2\/pages\/5783","targetHints":{"allow":["GET"]}}],"collection":[{"href":"https:\/\/master.us.es\/pdgeni\/wp-json\/wp\/v2\/pages"}],"about":[{"href":"https:\/\/master.us.es\/pdgeni\/wp-json\/wp\/v2\/types\/page"}],"author":[{"embeddable":true,"href":"https:\/\/master.us.es\/pdgeni\/wp-json\/wp\/v2\/users\/1"}],"replies":[{"embeddable":true,"href":"https:\/\/master.us.es\/pdgeni\/wp-json\/wp\/v2\/comments?post=5783"}],"version-history":[{"count":51,"href":"https:\/\/master.us.es\/pdgeni\/wp-json\/wp\/v2\/pages\/5783\/revisions"}],"predecessor-version":[{"id":6726,"href":"https:\/\/master.us.es\/pdgeni\/wp-json\/wp\/v2\/pages\/5783\/revisions\/6726"}],"wp:attachment":[{"href":"https:\/\/master.us.es\/pdgeni\/wp-json\/wp\/v2\/media?parent=5783"}],"curies":[{"name":"wp","href":"https:\/\/api.w.org\/{rel}","templated":true}]}}